at is w(-2)?
-19
Let c(m) = 0*m**3 - 3 + m**2 + 3*m + 1 - 9*m**3 + 10*m**3. What is c(2)?
16
Let z = 1 - 1. Let y(l) = -l**2 + 2. Determine y(z).
2
Let g(w) = w**3 - 9*w**2 + 9*w - 6. Let n = 46 - 38. Calculate g(n).
2
Let k(x) = -5*x - 4*x**2 + 2*x**2 + x**2. Suppose 0 = 5*h - 2*y + y + 21, -5*h = 3*y + 17. Calculate k(h).
4
Let b(y) = -y**3 + y**2 + y. Let a(m) = -2*m**3 + 11*m**2 + 3*m + 6. Let g(d) = -a(d) + 3*b(d). Let n be g(-8). Let w = n + 1. Let p(u) = 2*u + 7. What is p(w)?
-3
Suppose 35 - 7 = -2*j + 4*v, j - v + 9 = 0. Let g(k) = -2 + 0*k**3 - 3*k**3 + 4*k**3 + 4*k + k + 6*k**2. Calculate g(j).
10
Let g(q) = -q**3 + 9*q**2 - 9*q + 10. Let a be g(8). Let h(k) be the third derivative of 0*k + 0 + 1/2*k**3 + k**a - 1/12*k**4. What is h(4)?
-5
Let b(t) = 16*t + 9*t - 26*t - 11 + 4. Calculate b(-5).
-2
Let w(t) = t**3 + 3*t**2 + 4*t + 4. Suppose 5 + 27 = 4*y. Suppose y*n = 3*n - 15. Calculate w(n).
-8
Let p(c) = -7*c + 4. Let y(a) be the third derivative of -a**4/3 + 5*a**3/6 + a**2. Let m(f) = -7*p(f) + 6*y(f). Suppose 9*n + 56 = 20. Calculate m(n).
-2
Let r(s) = 2*s**3 + 2*s**2 - 1. Let y(n) = -6*n - 5*n + n**2 + 1 + 5*n. Suppose 5*x + 0*x = 30. Let a be y(x). What is r(a)?
3
Let o(f) = f**2 - 2*f + 1. Suppose 3*w - v + 2 = -3, -20 = 5*v. Let m be (-2)/(-3) - 10/w. Determine o(m).
9
Let f(d) = -16*d**2 - 3*d + 1. Let b(p) = 17*p**2 + 4*p - 1. Let v(o) = 3*b(o) + 4*f(o). What is v(-1)?
-12
Let c(h) = 2*h**2 - 2*h - 2. Let o = 4 - 1. Let f = o - 1. Determine c(f).
2
Let j(c) = -5*c**2 - 12*c - 2. Let m(t) = t**2 + t + 1. Let a(f) = -j(f) - 6*m(f). Determine a(5).
1
Let t(o) be the first derivative of -o**2/2 + 7*o + 1. What is t(4)?
3
Let o(u) = -u**2 + 2*u + 1. Suppose 3*p - 4*v - 24 = 0, 0*p + 4*p - 13 = -v. Give o(p).
-7
Suppose 6*h - 5*h - 11 = 3*z, 5*z - 3 = -h. Let p(i) = h + i**2 + 6*i - 3*i**2 + 3*i**2 + i. What is p(-6)?
2
Let u(y) = -3*y**3 + y**2 + 2*y - 1. Let k(f) = 4*f**3 - 3*f. Let a(m) = 2*k(m) + 3*u(m). Suppose 0 = -2*n + 2, -19*t + 18*t - 4*n + 7 = 0. Give a(t).
-3
Let d(u) be the third derivative of u**6/90 + u**4/24 + u**3/2 - 4*u**2. Let g(t) be the first derivative of d(t). Calculate g(-1).
5
Let h be 0*(-2)/6 - 0. Let t = h - -2. Suppose -3*k - 5 = t*k. Let v(q) = -q - 1. What is v(k)?
0
Let z be (-2)/6*-4*3. Let j(u) = u - 1. Let w(x) = -13. Let c(k) = -7. Let h(i) = -11*c(i) + 6*w(i). Let s(y) = h(y) + j(y). Determine s(z).
2
Let o be 115/(-15) - 12/9. Let x = 6 + o. Let v(q) = -q**3 - q**2 + 4*q. What is v(x)?
6
Let l(w) = -13*w**2 + 3*w + 6. Let x(h) = -11*h**2 + 4*h + 5. Let u(p) = 6*l(p) - 7*x(p). Determine u(-8).
17
Let v(j) = j**3 - 5*j**2 + j + 1. Let i be v(5). Let s(d) = 3 - 3*d + d + 1 + i*d. Give s(-3).
-8
Let m(y) = -4*y**2 - 2*y - 2. Suppose 0 = 4*o - 5*u + 13, -4*o - 28 = 4*u - 24. Calculate m(o).
-14
Let f(x) = 6*x**2 - 4*x + 1. Let z(u) = 5*u**2 - 3*u + 1. Let d(b) = -3*f(b) + 4*z(b). Suppose 0 = -k + 5*k - 8. What is d(k)?
9
Let j(g) be the first derivative of -g**3/3 + g**2/2 + 4*g + 32. What is j(3)?
-2
Let b = 60 - 43. Suppose -b = -4*y - a, 0*y + y = a + 3. Let f(l) be the second derivative of l**3/6 + l**2/2 + l. What is f(y)?
5
Suppose 8*m - 2*m = 0. Let w(k) be the second derivative of m - k + 1/6*k**3 + 0*k**2. Give w(-1).
-1
Let y(v) be the first derivative of -v**3/3 - v**2/2 + v + 2. Let r(h) = h**2. Let w(c) = 5*r(c) - y(c). What is w(1)?
6
Let w(u) = -4*u - 24 + 2*u + 55 - 27. Determine w(-3).
10
Let j = 7 - 3. Let p(k) = k + 1 + j - 2. Let b be p(-7). Let w(m) = -2*m - 5. Calculate w(b).
3
Suppose 1 = -3*c - 14. Let d(n) be the third derivative of n**5/60 + 5*n**4/24 + 2*n**3/3 - 7*n**2 - 2. Determine d(c).
4
Suppose -3*w + 0*w = -3. Let i(x) = x - 1. Determine i(w).
0
Let h(a) be the third derivative of a**6/60 + a**3/6 - 23*a**2. Give h(-2).
-15
Suppose -3*z = 2*r + 2, 3*z + r - 5*r - 4 = 0. Suppose z - 2 = -n. Let a(s) = 3*s**2 - 2*s - 2. Determine a(n).
6
Let a(x) = 3. Let o(r) = 1. Let h(f) = 4*a(f) - 11*o(f). Let q(g) = -g**3 - 5*g**2 - 5*g + 2. Let y(i) = 3*h(i) - q(i). Calculate y(-4).
-3
Let g(l) = -4*l**2 + 10*l - 7. Let y(m) = 5*m**2 - 11*m + 8. Let i(c) = 6*g(c) + 5*y(c). Give i(-4).
-6
Let i be ((-20)/(-30))/((-4)/30). Let c = 1 + i. Let b(w) be the second derivative of w**5/20 + 5*w**4/12 + 5*w**3/6 + w**2 + 4*w. Give b(c).
-2
Let m(h) = -h**2 + 8*h - 4. Let j = -9 - -20. Let n(f) be the second derivative of -f**4/4 + 23*f**3/6 - 6*f**2 - f. Let u(b) = j*m(b) - 4*n(b). Calculate u(3).
1
Suppose 3*t = 2*t + 2. Let y(p) = -p**t - 2*p - 4*p - 3*p - 6 + 3*p. Calculate y(-5).
-1
Let g(c) = 7*c**2 - c + c**3 - 3 + 9*c - 2*c. Suppose -5*y + 11 = -4*s - 3, -s + 2*y - 2 = 0. Determine g(s).
-3
Let j(z) = -2 + 4 + 3*z**3 - 1 - 2*z**2. Let m(d) = -d + 4. Let k be m(5). Let s be (2 - 0)/(3 + k). What is j(s)?
2
Let p(m) be the second derivative of -2*m**4/3 + m**3/3 - m**2/2 - m + 12. Let s = 0 - -1. Determine p(s).
-7
Let y(o) = o**2 + 3*o - 7. Let h(c) = -c**3 - 6*c**2 - 5*c + 2. Let r be h(-5). Suppose 3*p = -z - 17, z = p - r + 9. Give y(p).
11
Let l(p) = p**2 - 3*p - 3. Let i = -8 + 1. Let b = i + 2. Let a = b - -9. Give l(a).
1
Let t(d) = -3*d - 4. Let c be t(-8). Let h = -7 + c. Suppose 0 = -4*g + 7 + h. Let k(j) = -j**2 + 4*j + 5. Determine k(g).
0
Let t(l) = -l. Let u = -8 + 6. Let y be t(u). Let v(o) = 3 - y*o - 3. What is v(3)?
-6
Let m(p) be the first derivative of p**5/120 + p**4/4 + 7*p**3/3 + 2. Let v(g) be the third derivative of m(g). Let s = 0 - 0. What is v(s)?
6
Let f(k) = -k + 1. Suppose 0 = -3*o + 3. Suppose -o = 5*n + 19. Determine f(n).
5
Suppose 3*t - 4*v = -2*t + 55, -3*t = -v - 40. Suppose -l + t = 4*l. Let g(a) = a**3 - 3*a**2 - 4*a + 3. Give g(l).
-9
Let f(l) = -6*l - 28. Let u be f(-4). Let t(c) = -2*c**2 - 6*c - 5. Determine t(u).
-13
Let g(m) = m**3 - 6*m**2 + 2*m. Let d be 4 + 1/1*1. Give g(d).
-15
Let f(m) = m - 1. Let t(r) = 3*r - 18. Let s(i) = 5*f(i) - t(i). Calculate s(-10).
-7
Let b(j) = -j**3 - 3*j**2 - 3. Let n be b(-3). Let s(l) = -1 - 2*l + 3*l**3 - l**2 + 3*l**2 - 2*l**3. Let h be s(n). Let w(f) = f**2 + 3*f + 2. Calculate w(h).
6
Let l(h) = 0*h + 3 + 5*h**2 + h + 0*h + h**3. Suppose -2*x + 7 + 3 = 0. Suppose 5*u + 21 = 4*d, -u + x*d = -3*u - 15. What is l(u)?
-2
Let w(g) = 6*g**2 + 7*g - 1. Suppose -2*b + 7 + 5 = 0. Let d(h) = 7*h**2 + 8*h - 1. Let f(u) = b*w(u) - 5*d(u). Give f(2).
7
Let u(w) = -5*w**2 - 11 - w**3 - 5*w**2 + 7 + 4*w**2. Determine u(-6).
-4
Suppose -3*o + w = 14, -w = -5*o + 4*o - 2. Let q(b) = -b - 7. Give q(o).
-1
Suppose -3*r + 3*h = -15, -r - 2*h - 13 = 3*h. Let i(s) = -3*s + 4*s + 4*s**2 + 0*s**2 - s**3 - 3 + r. Let v(l) = -3*l - 2. Let o be v(-2). What is i(o)?
3
Let z(c) = 4*c - 4. Let j(x) = -3*x + 5. Let y(t) = 3*j(t) + 2*z(t). What is y(3)?
4
Let d(r) be the first derivative of -r**4/4 - 2*r**3 - 5*r**2/2 + 3*r + 4. What is d(-5)?
3
Let o(v) be the first derivative of -v**4/4 - v**2/2 + 17. What is o(1)?
-2
Let b(d) be the second derivative of -d**3/6 - d**2/2 + 2*d. Suppose 15 = 3*k, -k = -x + 4*k - 23. Let r = 3 - x. Calculate b(r).
-2
Let o(t) be the first derivative of -2*t**3/3 - 2*t**2 - 4*t - 7. Suppose -5*n - 2*h = -h + 12, 6 = -5*n - 3*h. Calculate o(n).
-10
Let u(q) = q**2 - 5*q - 5. Let b be ((-32)/12)/(2/6). Let w be -2 - b/12*12. Give u(w).
1
Suppose -19*f + 14*f = -10. Let d = -3 - -4. Let c be (2/d - f) + -3. Let y(q) = -q + 1. What is y(c)?
4
Let w(f) = -f + 21. Let s be w(15). Let a(z) = -z**3 + 7*z**2 - 5*z - 6. Calculate a(s).
0
Let x(g) = g**3 - 6*g**2 + 5*g. Let h = -1 + 0. Let b be h - -1 - -7 - 0. Suppose -a - 2*c = -3*a + 6, b = a + c. Calculate x(a).
0
Suppose 10 = 3*a - 5. Let c(o) be the third derivative of o**7/5040 - 11*o**6/720 - o**5/20 - o**2. Let x(y) be the third derivative of c(y). Give x(a).
-6
Let x(r) = -5 + 4 + 2 - r - 2. Let c be x(-6). Suppose 0 = -2*o - 0*d - 3*d + c, 2*o = -d - 1. Let t(i) = -3*i**2 - 3*i - 1. Give t(o).
-7
Suppose 5*n = 1 + 19. Let o(y) be the first derivative of y + 0*y**3 + 1 - 3/4*y**n - y**2. Determine o(1).
-4
Let q be (1/(-3))/(1/(-12)). Let b = -7 - -1. Let x = q + b. Let w(a) = -5*a - 1. Calculate w(x).
9
Let f(u) = -u**2 + u + 5. Let q(l) = l**2 - l - 2. Let o be q(0). Let p be (o/(2/1))/(-1). Let r be p/(-1) + (-2 - -7). Determine f(r)